 What is t(2)?
-246
Let x(j) = -j**3 - 30*j**2 - 54*j + 123. Determine x(-28).
67
Let l(n) = -3*n**2 + 122*n + 68. Determine l(40).
148
Let b(r) = r**3 - 37*r**2 + 138*r - 118. Determine b(4).
-94
Let j(a) = -62*a - 261. Calculate j(-5).
49
Let p(m) = -931*m - 2795. Determine p(-3).
-2
Let d(r) = -1704*r + 120990. Determine d(71).
6
Let b(c) = -8*c - 456. Calculate b(-47).
-80
Let k(m) = 32*m**2 - 435*m + 909. Calculate k(11).
-4
Let c(x) = -x**2 + 202*x + 3239. Determine c(-15).
-16
Let u(y) = y**3 + 260*y**2 + 2019*y + 13. Give u(-8).
-11
Let t(j) = -2*j**2 + 8*j + 2. Determine t(-6).
-118
Let c(v) = -v**3 - 12*v**2 - 11*v - 9. What is c(-9)?
-153
Let u(j) = j**3 + 12*j**2 - 85*j. Determine u(-17).
0
Let b(n) = -61*n + 674. Determine b(11).
3
Let n(a) = -a**3 + 3*a**2 - 12*a + 28. Give n(6).
-152
Let x(d) = -d**3 - 219*d**2 - 2516*d - 6622. Determine x(-207).
2
Let o(y) = 3*y**3 + 6*y**2 - y + 60. What is o(-4)?
-32
Let p(o) = 9*o - 257. Determine p(14).
-131
Let y(d) = 3918*d - 15721. Give y(4).
-49
Let x(g) = -g**2 - 81*g - 1041. Calculate x(-16).
-1
Let b(t) = 79*t**2 - 83*t + 2. Calculate b(3).
464
Let w(q) = -q**2 - 46*q + 160. Determine w(-54).
-272
Let w(p) = -5*p**2 + 10*p + 48. Give w(7).
-127
Let k(d) = d**3 + 60*d**2 + 842*d + 232. Calculate k(-38).
4
Let f(q) = -75*q - 2765. What is f(-36)?
-65
Let v(f) = 3*f**2 - 38*f - 33. Calculate v(14).
23
Let p(y) = 56*y - 872. What is p(15)?
-32
Let j(k) = -3*k**3 - 39*k**2 - 12*k - 6. What is j(-13)?
150
Let f(w) = -6*w**2 + 11*w. Calculate f(2).
-2
Let i(f) = 4*f**3 + 11*f**2 + 6*f + 4. Determine i(-4).
-100
Let l(h) = -349*h - 10468. Determine l(-30).
2
Let c(q) = -q - 116. What is c(-22)?
-94
Let i(g) = 3*g**3 - 111*g**2 + g - 65. Give i(37).
-28
Let v(g) = 13*g + 119. Calculate v(-8).
15
Let b(q) = -2*q**3 - 21*q**2 - 2*q - 133. Give b(-11).
10
Let s(a) = a**2 + 1920*a - 15417. Give s(8).
7
Let k(j) = -j**3 - 9*j**2 + 21*j + 104. What is k(-10)?
-6
Let o(c) = -c**2 - 74*c + 383. Determine o(-79).
-12
Let o(x) = x**3 - 120*x**2 - 364*x - 436. Calculate o(123).
179
Let m(k) = 15*k + 426. Calculate m(-27).
21
Let a(g) = 7*g**2 + 100*g - 84. What is a(-15)?
-9
Let b(p) = 36*p - 12. Determine b(-5).
-192
Let x(z) = -z**2 + 117*z + 6468. What is x(158)?
-10
Let y(w) = 35*w - 3641. Calculate y(97).
-246
Let f(z) = 12*z**3 - 56*z**2 - 156*z + 5. Calculate f(-3).
-355
Let n(z) = -z**3 - 189*z**2 + 958*z - 2330. Determine n(-194).
-2
Let n(g) = -442*g + 2635. Give n(6).
-17
Let r(z) = -z**3 - 67*z**2 + 288*z - 29. Determine r(4).
-13
Let h(f) = -f**3 - f**2 + 11*f - 7. What is h(3)?
-10
Let a(u) = -u**2 - 770*u + 105787. Calculate a(119).
-4
Let g(q) = 24*q - 645. Calculate g(30).
75
Let o(s) = s**3 + 48*s**2 - 203*s + 206. Calculate o(-52).
-54
Let d(k) = -k**3 - 16*k**2 + 8*k + 502. Give d(-14).
-2
Let t(w) = 23*w**2 - 485*w + 49. Calculate t(21).
7
Let k(t) = -t**3 - 8*t**2 - 61*t - 112. What is k(-3)?
26
Let l(u) = -u**3 + 4*u**2 - 594*u + 3627. Calculate l(6).
-9
Let w(n) = 3*n**3 + 9*n**2 - 27*n + 2. Give w(2).
8
Let h(s) = 25*s - 86. What is h(-6)?
-236
Let y(c) = 377*c - 34. Determine y(1).
343
Let s(j) = -13*j**2 - 44*j - 24. Calculate s(-3).
-9
Let g(i) = 12*i**3 + 6*i**2 + 19*i + 17. What is g(-1)?
-8
Let t(p) = -p**3 - 5*p**2 + 46*p + 161. Give t(-7).
-63
Let x(p) = 24*p**3 + p**2 - 4*p - 6. Determine x(-1).
-25
Let k(j) = -j**3 - 12*j**2 - 30*j - 23. Determine k(-9).
4
Let j(d) = -5*d**3 - d**2 + 5*d - 5. What is j(-3)?
106
Let u(l) = l**3 - 33*l**2 - 117*l + 315. What is u(36)?
-9
Let c(t) = 38948*t - 77902. What is c(2)?
-6
Let y(l) = 3*l**3 - l**2 - 28*l - 23. Give y(-2).
5
Let n(h) = h**2 - 69*h - 543. What is n(0)?
-543
Let w(d) = d - 68. What is w(52)?
-16
Let a(i) = 10*i**2 + 1656*i - 1654. Give a(1).
12
Let v(d) = d**3 + 12*d**2 + 8*d + 13. Determine v(-7).
202
Let o(p) = -2*p**3 + 85*p**2 + 418*p + 229. Give o(47).
-6
Let w(n) = n**3 - 8*n**2 - 16*n + 34. What is w(9)?
-29
Let m(u) = 7*u**3 - 19*u**2 - 393*u + 1177. Calculate m(3).
16
Let p(x) = -1536*x + 3065. Give p(2).
-7
Let s(r) = 2*r**3 - 12*r**2 - 34*r + 134. Calculate s(7).
-6
Let v(a) = 202*a - 31515. What is v(156)?
-3
Let f(p) = -p**3 - p**2 + 18*p + 41. Determine f(-3).
5
Let z(a) = -324*a + 1624. Determine z(5).
4
Let l(h) = 2*h**3 + 6*h**2 + 12*h + 94. Determine l(-5).
-66
Let x(w) = -2*w**2 + 44*w + 209. Determine x(26).
1
Let c(n) = 16*n - 320. Determine c(19).
-16
Let y(f) = -14*f**2 - 38*f - 39. Give y(-3).
-51
Let c(a) = a**3 - 58*a**2 - 120*a - 8. What is c(60)?
-8
Let z(b) = 6*b**3 + 21*b**2 - 101*b - 375. Give z(-4).
-19
Let t(q) = -3*q - 47. Give t(-18).
7
Let o(s) = -2*s**3 - 353*s**2 - 139*s + 6503. Determine o(-176).
-9
Let v(c) = -2*c**3 + 25*c**2 - 16*c. Give v(12).
-48
Let g(z) = -15*z**3 - 25*z**2 + 50*z - 11. Determine g(2).
-131
Let g(s) = -s**2 - 2*s + 379. Calculate g(18).
19
Let n(g) = 1102*g + 35265. Calculate n(-32).
1
Let b(t) = 56*t + 5816. What is b(-104)?
-8
Let g(p) = 7*p**2 + 754*p - 19. Determine g(-108).
197
Let p(i) = i**3 - 10*i**2 + 47*i - 12. Determine p(6).
126
Let j(t) = -t**2 - 3*t - 60. Give j(-14).
-214
Let l(v) = -334*v - 11694. Give l(-35).
-4
Let n(b) = b**3 + 49*b**2 + 38*b - 468. What is n(-48)?
12
Let d(g) = -3*g**2 - 340*g - 9018. Give d(-71).
-1
Let z(x) = x**2 + 16*x - 532. Calculate z(-33).
29
Let t(x) = 3*x**3 + 102*x**2 + 839*x - 29. Give t(-20).
-9
Let v(g) = g**3 + 18*g**2 - 44*g - 18. Give v(-20).
62
Let l(m) = -m**2 + 16*m - 267. Determine l(14).
-239
Let b(u) = u**2 - 8*u - 3349. Determine b(62).
-1
Let y(v) = -v**3 - 36*v**2 + 244*v + 9714. What is y(-35)?
-51
Let a(b) = -b**2 - 38*b + 12. Determine a(-38).
12
Let c(w) = -98*w - 41. What is c(-1)?
57
Let h(l) = -l**3 - 14*l**2 - 18*l + 87. Give h(-11).
-78
Let v(i) = 15*i**2 - 515*i - 349. Give v(35).
1
Let j(l) = -175*l + 1087. Determine j(6).
37
Let s(h) = -8*h**3 - 770*h**2 - 192*h - 139. What is s(-96)?
-139
Let f(j) = 3*j**2 + 6*j - 562. Give f(13).
23
Let y(i) = 11*i**2 + 220*i + 395. Give y(-18).
-1
Let v(a) = -3*a**3 + 57*a**2 + 59*a + 14. What is v(20)?
-6
Let h(f) = -66*f - 115. Calculate h(-1).
-49
Let y(m) = -386*m + 2303. What is y(6)?
-13
Let j(k) = -229*k + 2526. Calculate j(11).
7
Let g(r) = -103*r**2 + 104*r - 2. What is g(1)?
-1
Let c(v) = -183*v + 385. Determine c(2).
19
Let q(l) = 1200*l - 29985. What is q(25)?
15
Let r(d) = -2*d - 62. Give r(-50).
38
Let d(p) = 9778*p - 97777. Give d(10).
3
Let o(h) = 41*h**2 - 244*h - 7. Calculate o(6).
5
Let g(t) = -4*t - 300. Determine g(-75).
0
Let b(g) = 192*g + 12473. Calculate b(-65).
-7
Let s(y) = 10*y + 130. Give s(-19).
-60
Let l(b) = -b**3 + 11*b**2 - 17*b + 54. Give l(10).
-16
Let n(b) = -3*b**2 - 38*b - 420. Determine n(-10).
-340
Let b(p) = -12*p + 134. Give b(14).
-34
Let k(m) = m**3 - m**2 - 52*m - 79. Calculate k(-6).
-19
Let k(x) = -x**3 + 60*x**2 - 171*x + 33. What is k(57)?
33
Let c(u) = 3*u**2 - 104*u - 36. Determine c(35).
-1
Let m(d) = d**3 + 17*d**2 - 92*d - 157. Determine m(-21).
11
Let r(z) = -226*z - 1134. Determine r(-5).
-4
Let t(h) = -208*h + 429. Give t(2).
13
Let u(o) = 88*o**2 - 69*o + 68. Determine u(1).
87
Let h(q) = 299*q - 6306. What is h(21)?
-27
Let a(t) = -t**3 - 19*t**2 - 6*t + 357. Determine a(-18).
141
Let y(v) = v**3 + 44*v**2 - 95*v - 91. Give y(-46).
47
Let i(r) = 341*r - 2705. What is i(8)?
23
Let k(h) = -18*h - 20. Calculate k(9).
-182
Let v(t) = -13*t**2 - 69*t - 117. Calculate v(-2).
-31
Let i(t) = t**3 + 29*t**2 + 35*t + 49. Calculate i(-28).
-147
Let i(d) = -22*d + 10. Give i(-15).
340
Let a(b) = 2*b**3 + 30*b**2 + 44*b - 56. Determine a(-13).
48
Let m(a) = -a**3 - 5*a**2 - 19*a - 30. What is m(-3)?
9
Let a(p) = -4*p**3 - 4*p**2 + 9*p + 5. Determine a(-4).
161
Let t(j) = 15*j**2 - 149*j + 75. Give t(9).
-51
Let h(i) = -3*i**2 + 113*i - 860. Determine h(26).
50
Let l(b) = -2*b**3 - 24*b**2 - 17*b - 49. Calculate l(-13).
510
Let h(g) = -g**2 + 2*g + 34. What is h(9)?
-29
Let f(h) = h**2 - 14*h - 17. What is f(8)?
-65
Let t(d) = -d**2 + 17*d + 354. Determine t(-12).
6
Let b(x) = 254*x**3 - 2*x**2 + 37*x - 34. Determine b(1).
255
Let i(h) = -2*h**2 - 667*h + 8294. Calculate i(12).
2
Let o(d) = d**3 - 11*d**2 + 8*d - 26. Determine o(10).
-46
Let i(m) = 11*m**2 - 627*m + 4. What is i(57)?
4
Let u(q